6*k - t. Suppose -k*y + 13 - 1 = 0. What is the greatest common factor of y and 2?
2
Let n be ((-6)/(-6) - 34)/((-1)/21). What is the greatest common factor of 154 and n?
77
Let k be (-3)/5 - ((-738)/180 + 2/(-4)). Let m = -6 - -34. What is the greatest common factor of k and m?
4
Suppose 2*g + 81 = 107. Calculate the highest common divisor of g and 52.
13
Let z(f) = 2*f**2 + 29*f + 1. Let o be z(-15). Calculate the highest common divisor of o and 216.
8
Suppose 5*p + 28 = 6*p. Suppose 0 = r + 1 - p. Calculate the highest common divisor of r and 3.
3
Suppose 2*u = 4*x + x + 34, 6 = -3*x. Calculate the highest common divisor of u and 9.
3
Suppose -q + 2*b = 7, q - 3*q - b = -11. Suppose 40 = 8*i - q*i. Calculate the greatest common factor of 4 and i.
4
Let n = 44 + 16. Let k(v) = -526*v - 7815. Let c be k(-15). Calculate the highest common divisor of c and n.
15
Let g(t) = -5*t - 1. Let f be g(-1). Suppose 2*l = -l - 18. Let h be (4/l)/(14/(-924)). Calculate the greatest common factor of f and h.
4
Let c = 64 + -46. Suppose 0*a + 3*a + 3*q - 480 = 0, 3*q = a - 168. Calculate the greatest common divisor of c and a.
18
Let h(t) = -9*t**3 - 2*t**2 - 2*t - 1. Let g be h(-1). Suppose -2*p + 19 - 3 = 0. Calculate the greatest common factor of g and p.
8
Let c(u) = -u**3 - 3*u**2 + 39*u + 11. Let i be c(5). Let w(h) = -10*h**3 - 2*h**2 - 2*h + 2. Let l be w(-2). What is the highest common factor of i and l?
6
Let k(c) = 70*c**2 - 3*c + 2. Let f be k(1). Let y be (-2)/(-12) - (-274)/12. Calculate the greatest common divisor of f and y.
23
Let a(t) = 3*t**2 - 13*t - 60. Let x be a(-5). Calculate the greatest common divisor of x and 360.
40
Suppose -2*c = -12*c + 20. Suppose -x - 104 = -4*v, -5*v + c*v - 2*x = -78. Calculate the highest common factor of 260 and v.
26
Suppose -7*f + 2746 = -3302. What is the highest common divisor of f and 27?
27
Suppose -4*a - k - 10 + 2 = 0, -a - 11 = -2*k. Let i be (0 + a)*33/9. Let z = i - -25. Calculate the highest common divisor of z and 14.
14
Let l(k) = -k**3 + 14*k**2 + 8*k - 18. Let x be l(13). Let p = x - 179. Calculate the greatest common factor of 19 and p.
19
Let v = -31 - -35. Let b be (9/6 + v)*22*3. Calculate the highest common factor of 33 and b.
33
Let v be (-1)/2 + (-41)/(-2). Let c be -1 + 0 + 0 + v. Suppose -y + 3*g = 0, c + 26 = 4*y + 3*g. What is the greatest common divisor of y and 72?
9
Let o be -1 - (-56 + -6)*2. What is the highest common divisor of o and 164?
41
Suppose -2*w + 1425 = s, -1814 + 383 = -2*w + 5*s. What is the highest common factor of w and 31?
31
Let p be (-2)/15 - (-454)/30. Let d(c) = 11*c - 3*c**2 - 2*c**2 - 3 - 3*c + 11*c**2. Let o be d(-6). What is the greatest common factor of o and p?
15
Suppose 10*y - 5 = 5*y. Let i = 16 - y. Calculate the greatest common factor of 135 and i.
15
Let i be (-4 - 2)*5/(-15). Suppose -646 = -4*z - 3*q + 1259, i*z - 985 = 5*q. Let l be ((-1)/(-2))/(8/z). What is the greatest common factor of 10 and l?
10
Let w = 78 + 114. What is the highest common factor of 6 and w?
6
Let m(q) = -q**2 + 14*q - 33. Let x be m(14). Let z = x - -45. What is the greatest common divisor of 24 and z?
12
Let a(r) = -3*r + 4. Let k be a(-6). Suppose -14 + 10 = -2*m. What is the greatest common factor of m and k?
2
Suppose -153 - 317 = 5*g. Let d be 16/(-72) - (2 - g/(-18)). What is the highest common divisor of d and 24?
3
Let u(v) = 4*v**2 + 2*v. Let c be 3*(-3)/(-9)*-1. Let b be u(c). Calculate the highest common factor of 6 and b.
2
Suppose 3*s = 3*d + d - 24, -2*s - 20 = -4*d. Suppose d = 2*p + p. Let o(m) = 145*m**3 - m**2. Let x be o(p). What is the highest common factor of 16 and x?
16
Suppose 5*a - 340 = -0*a. Suppose -3*c - 4*m = 2*c - a, 0 = 3*c + 2*m - 40. Let t be (-24)/(-4)*(-2)/(-3). What is the highest common divisor of t and c?
4
Suppose 0 = -4*m - 33 - 3. Let s = m - -86. Calculate the greatest common divisor of 11 and s.
11
Suppose -5*g + 2*v + 235 = 0, 3*g - 4*v = -0*g + 127. What is the greatest common factor of 28 and g?
7
Suppose -6 = m + 2*m. Let l(b) = -58*b - 1. Let g be l(m). What is the highest common divisor of 23 and g?
23
Suppose -3134 = -4*d + 2*f, -16*f = -d - 11*f + 779. What is the highest common factor of 32 and d?
16
Let v(b) = 10*b - 50. Let j be v(5). Suppose j = 2*l + a - 402, -a + 561 = 3*l - 44. What is the greatest common divisor of l and 29?
29
Suppose 2*n - 48 = -5*r, 2*n = 3*n - 2*r - 6. Suppose 3*z + 352 = 7*y - 3*y, 2*z = -y + 99. What is the highest common divisor of y and n?
7
Let h(j) = -j**3 - 2*j**2 + 4*j - 3. Let o be h(-4). Let c be (-1)/(-5) + 1557/15. What is the greatest common divisor of c and o?
13
Suppose f - 2*f = x - 24, 0 = 4*f - 3*x - 68. Let u = f - 20. Let r(w) = w**3 - w + 24. Let h be r(u). What is the highest common divisor of h and 8?
8
Suppose 4*f - 2*f = 2*n - 172, -f + 76 = n. Suppose 4*q - n - 119 = 0. What is the greatest common divisor of 20 and q?
10
Let z be (4 - 5)/((-3)/51). Let i be (z + 7)*(-6)/(-8). What is the greatest common factor of i and 12?
6
Let j(t) be the first derivative of -t**3/3 - t**2 + 9*t - 13. Let g be j(0). Calculate the greatest common factor of 36 and g.
9
Let p be 0 - 1*-22*3. Let c(d) = 71*d + 257. Let g be c(-3). What is the highest common factor of g and p?
22
Let p(b) = 11*b. Let a be p(1). Let o be (11/3 - 2)*-18. Let x = -29 - o. What is the highest common divisor of a and x?
1
Let g be (1/(-2))/((-2)/(-92)*-1). What is the greatest common divisor of 184 and g?
23
Suppose 0 = u + 3*u - 12. Suppose -3*j - 21 = -5*o, o + 3*o + u*j - 6 = 0. Suppose -o*q + 202 + 86 = 0. What is the greatest common divisor of q and 12?
12
Let w(l) = -52*l - 104. Let m be w(-10). Calculate the greatest common divisor of m and 32.
32
Let i(w) = w**2 - 43*w + 73. Let r be i(44). What is the highest common factor of 18 and r?
9
Let s = 77 + -7. Let f be (4/(-10))/(((-14)/10)/(-7)). Let b be 5*4*f/(-4). Calculate the greatest common factor of b and s.
10
Let m(f) be the third derivative of f**5/60 - f**4/4 + 7*f**3/3 + 8*f**2. Let i be m(6). What is the highest common factor of i and 2?
2
Let r = 1183 - 1064. Calculate the greatest common divisor of r and 7.
7
Suppose 25 = -5*n, 3*b + 6*n - 3*n - 1524 = 0. Calculate the highest common divisor of 19 and b.
19
Let c = -100 - -98. Let y(w) = w**2 + 8*w + 18. Let o be y(c). Calculate the highest common divisor of o and 6.
6
Suppose -r + 2 - 1 = 0. Let w be (18/24)/((-2)/(-8)). Let q = r + w. Calculate the greatest common factor of 32 and q.
4
Let p = 217 - 192. Calculate the greatest common divisor of p and 275.
25
Suppose 149 - 749 = -3*k. Let v = 370 - k. Suppose 3*w = v + 124. Calculate the highest common divisor of 14 and w.
14
Let c(l) = 8*l**3 - 5*l**2 + 43*l - 124. Let a be c(3). Calculate the greatest common factor of a and 240.
16
Let c = 779 + -593. What is the highest common divisor of 6 and c?
6
Let b = 590 + -398. Calculate the highest common divisor of 108 and b.
12
Let w = 83 - 59. Let c(z) = -z**2 + 26*z - 6. Let j be c(w). What is the highest common divisor of j and 462?
42
Suppose -5*j + 5*l = -70, 3*j - 34 = 5*l + 16. Let w be 4/j + (4 - 363/(-5)). Calculate the greatest common divisor of 7 and w.
7
Let y(s) be the third derivative of -s**4/8 + 2*s**3/3 - 9*s**2. Let b be y(-4). What is the greatest common divisor of b and 48?
16
Let n = 1192 + -868. What is the greatest common divisor of 567 and n?
81
Suppose -3*d - 9 = 0, d - 17 = -i + 4*d. Let z(h) = -2*h + h - 3*h. Let q be z(-3). What is the greatest common factor of i and q?
4
Suppose -5*v + 3*k = 650, -7*k + 4*k = -15. Let n = 141 + v. Calculate the greatest common divisor of 63 and n.
7
Suppose -5*p = 3*o - 190, -5*o + 2*o = p - 206. Calculate the highest common divisor of 315 and o.
35
Suppose -5*c + 7 + 13 = 0. Suppose -r - c*r + 840 = 0. Suppose -r = -7*t + 6*t. What is the highest common divisor of t and 21?
21
Let f be 1/(-2)*(4 + -4). Suppose 2*m = -3*z - 87, 6*z + 3*m + 58 = 4*z. Let l be -1 + f + 2 - z. Calculate the highest common factor of 270 and l.
30
Let f(y) = y**3 - 4*y**2 + 4*y + 1. Let l be f(3). Suppose -5*n = -l + 29. Let b = n - -6. What is the highest common factor of b and 7?
1
Let j(x) = 4*x**2 - 43*x - 7. Let p be j(12). Calculate th